)?
-235
Let p(d) = -868329*d + 37338147. Give p(43).
0
Let h(n) = -23134*n + 647762. Determine h(28).
10
Let p(r) = 3915476*r - 31323811. What is p(8)?
-3
Let j(n) = -n**3 - 116*n**2 - 566*n - 159. Give j(-111).
1062
Let f(l) = -80840*l + 323440. What is f(4)?
80
Let c(k) = -71*k**2 + 6891*k - 394. Determine c(97).
-6
Let n(v) = 5458*v - 27371. What is n(5)?
-81
Let x(o) = -411*o + 27492. What is x(67)?
-45
Let a(s) = 17432*s + 854161. Calculate a(-49).
-7
Let b(f) = -7462*f**2 + 14969*f - 25. What is b(2)?
65
Let t(f) = 6*f**3 + 1415*f**2 - 1666*f - 1453. Give t(-237).
206
Let o(h) = -h**3 + 323*h**2 + 317*h + 1016. What is o(324)?
-1252
Let j(v) = -13*v**3 - 2*v - 8. Determine j(-3).
349
Let w(a) = 3*a**3 + a**2 + 3*a + 36. Calculate w(-4).
-152
Let z(k) = 61*k**2 + 15777*k - 5607. What is z(-259)?
91
Let s(j) = 1573*j - 162115. Calculate s(103).
-96
Let p(f) = -8046*f + 1142538. Calculate p(142).
6
Let r(u) = -u**3 + 33*u**2 + 584*u - 18869. What is r(33)?
403
Let h(q) = 2*q**3 + 43*q**2 + 98*q - 27. Give h(-19).
-84
Let n(c) = -161*c**2 - 4930*c - 24664. What is n(-5)?
-4039
Let y(g) = g**2 - 33111*g + 364097. Determine y(11).
-3
Let m(y) = 291*y**2 + 19510*y + 867. Calculate m(-67).
-4
Let d(y) = 140233*y - 560944. Calculate d(4).
-12
Let w(b) = 11556*b - 300902. Give w(26).
-446
Let s(u) = 41*u + 323. Give s(-7).
36
Let f(t) = -t**3 + 109*t**2 - 1015*t + 1029. Calculate f(9).
-6
Let v(k) = 24*k**2 + 3952*k + 17916. What is v(-160)?
-4
Let t(b) = -2*b**3 + 77*b**2 - 203*b - 33. Determine t(35).
1437
Let v(h) = 1030*h + 16484. What is v(-16)?
4
Let v(z) = 2*z**3 - 317*z**2 + 77*z - 37596. Determine v(159).
-72
Let l(k) = k**3 + 157*k**2 - 501*k - 4172. Determine l(-160).
-812
Let y(s) = 57*s**3 - 3648*s**2 + 14*s - 831. Determine y(64).
65
Let o(r) = -174*r**2 + 43*r - 167. What is o(6)?
-6173
Let v(l) = -233*l - 24691. Give v(-106).
7
Let m(w) = -2*w**3 + 249*w**2 - 1068*w - 1604. Give m(120).
-164
Let b(i) = -39410*i - 354700. Determine b(-9).
-10
Let p(u) = 6*u**3 + 53*u**2 - 325*u - 2543. Determine p(-10).
7
Let v(j) = -412*j + 8253. Give v(20).
13
Let t(m) = -m**2 - 1245*m - 285427. Determine t(-303).
-1
Let d(k) = 163*k - 144. What is d(11)?
1649
Let f(w) = 74*w**3 - 11*w**2 - 22*w - 14. Give f(-2).
-606
Let d(o) = -2*o**2 - 228*o + 21341. Determine d(58).
1389
Let u(r) = -5*r**2 - 697*r + 5152. Calculate u(7).
28
Let c(a) = -9*a**2 + 378*a + 466. Give c(19).
4399
Let n(z) = -z**3 + 56*z**2 - 841*z + 3168. Give n(34).
6
Let t(n) = -94*n**2 - 1177*n - 1594. Give t(-11).
-21
Let v(s) = -50*s**2 + 1953*s - 227. Determine v(37).
3584
Let g(p) = -3*p**2 + 173*p - 508. Determine g(53).
234
Let t(f) = -f**3 - 121*f**2 - 382*f - 31049. What is t(-120)?
391
Let h(g) = 6*g**3 - 12*g**2 - 31*g + 187. Calculate h(-6).
-1355
Let v(u) = -407*u - 95259. What is v(-234)?
-21
Let f(x) = -25553*x - 8636927. Give f(-338).
-13
Let z(q) = 1208*q - 12069. Calculate z(10).
11
Let o(n) = 2336*n - 406467. Calculate o(174).
-3
Let h(y) = 5*y**3 - 93*y**2 + 71*y + 415. Determine h(17).
-690
Let h(q) = 1224462*q + 8571227. Determine h(-7).
-7
Let h(c) = 2*c**2 + 21*c - 7708. Calculate h(-67).
-137
Let c(w) = -281*w**3 - 844*w**2 - 12*w - 46. Calculate c(-3).
-19
Let p(h) = -h**3 - 221*h**2 - 3103*h - 125. What is p(-15)?
70
Let c(g) = -g**2 + 79*g + 1050. Calculate c(84).
630
Let k(u) = -u**2 + 33574*u - 167803. Give k(5).
42
Let r(b) = -153*b - 3476. What is r(-24)?
196
Let d(u) = 29*u**3 - 9*u**2 - 77*u + 437. Calculate d(5).
3452
Let n(m) = -m**2 - 1915*m + 214227. Give n(106).
1
Let n(d) = -12*d**2 + 119*d + 580. Calculate n(-4).
-88
Let u(j) = 66*j**2 - 391*j - 527. Give u(7).
-30
Let h(z) = -462606*z - 3238252. Give h(-7).
-10
Let d(j) = 4*j**2 + 434*j + 286. What is d(-109)?
504
Let l(d) = -1465*d + 1336. Calculate l(1).
-129
Let n(q) = -7*q**2 - 93*q + 23770. Give n(52).
6
Let y(d) = d**3 + 24*d**2 + 36*d - 1294. Determine y(-18).
2
Let k(v) = -2*v**2 - 3576*v - 1008826. Calculate k(-351).
-52
Let d(u) = 5*u**2 + 15235*u + 45665. Give d(-3).
5
Let v(a) = -2305*a + 34569. Give v(15).
-6
Let f(q) = 95*q**2 + 338*q + 328. What is f(-1)?
85
Let y(b) = 8370*b + 92026. Calculate y(-11).
-44
Let u(h) = 2*h**2 + 673*h - 10498. Give u(14).
-684
Let x(t) = -12*t**2 - 1888*t + 6955. Calculate x(-161).
-129
Let k(w) = w**2 + 7371*w - 214588. Determine k(29).
12
Let a(s) = s**2 - 227*s - 1939. Determine a(-9).
185
Let r(o) = 9080*o + 27216. Calculate r(-3).
-24
Let l(p) = 4*p**2 + 28*p + 101. Give l(-8).
133
Let k(n) = -9*n**2 - 109*n - 684. Calculate k(-8).
-388
Let k(v) = 5667*v - 237966. Calculate k(42).
48
Let o(k) = -8*k**3 + 3534*k**2 + 880*k + 1698. Determine o(442).
-70
Let v(s) = -s**2 - 4224*s + 638014. Determine v(146).
-6
Let n(d) = 2*d**2 - 773*d + 37908. Calculate n(329).
73
Let l(w) = w**2 - 70*w + 1334. Calculate l(32).
118
Let c(j) = -535*j - 15504. Give c(-27).
-1059
Let s(m) = m**2 + 478*m - 144405. Give s(-688).
75
Let f(m) = -6139*m + 30544. What is f(5)?
-151
Let w(s) = -s**2 - 40*s - 974. Calculate w(-61).
-2255
Let k(d) = -27831*d + 222663. Give k(8).
15
Let v(s) = 7987*s - 39651. Determine v(5).
284
Let v(c) = -c**3 + 5*c**2 + 452*c - 2188. Determine v(5).
72
Let g(t) = -t**3 - 18*t**2 - 115*t + 537. Calculate g(3).
3
Let a(s) = -72*s**2 + 81*s - 238. Determine a(3).
-643
Let x(o) = 77*o + 3793. Give x(-45).
328
Let h(p) = 28578*p + 114306. Calculate h(-4).
-6
Let r(b) = 11*b**3 + 19*b**2 + 48*b - 103. Give r(-6).
-2083
Let d(s) = -2*s**2 + 253*s - 6592. Calculate d(35).
-187
Let q(p) = 14*p**2 + 4752*p + 25341. Calculate q(-334).
-43
Let p(l) = -l**3 - 72*l**2 + 1295*l - 1158. Determine p(-87).
-288
Let r(w) = -2971*w + 47631. What is r(16)?
95
Let y(m) = -36274*m - 4679346. Calculate y(-129).
0
Let p(h) = -341*h**2 + 14654*h + 362. Determine p(43).
-25
Let k(w) = -302*w**2 + 2724*w - 48. Determine k(9).
6
Let h(r) = 38*r**3 + 3228*r**2 - 166*r + 166. What is h(-85)?
-174
Let h(w) = w**2 + 184*w + 1653. Give h(-171).
-570
Let x(u) = -423*u + 39053. Determine x(86).
2675
Let s(l) = 4*l**2 + 291*l + 1320. Determine s(-63).
-1137
Let v(z) = 896*z - 2380. What is v(6)?
2996
Let y(z) = -z**2 - 10130*z + 386451. What is y(38)?
67
Let u(n) = -2*n**2 + 207*n - 1124. Determine u(98).
-46
Let r(q) = 433*q - 27922. Calculate r(74).
4120
Let w(d) = d**2 + 39966*d - 399753. Give w(10).
7
Let v(q) = -12*q**2 - 233*q + 2485. Calculate v(-27).
28
Let a(m) = 7*m**2 + 845*m - 9327. What is a(11)?
815
Let z(t) = 49415*t - 593034. What is z(12)?
-54
Let y(b) = b**3 + 7541*b**2 + 60270*b + 5. Determine y(-8).
-43
Let d(o) = -o**3 + 53*o**2 + 4364*o - 225746. Determine d(50).
-46
Let r(g) = 3*g**3 - 13*g**2 + 80*g - 5. What is r(7)?
947
Let z(j) = j**3 - 140*j - 98. Determine z(11).
-307
Let c(j) = -16*j**2 + 514*j - 3937. What is c(7)?
-1123
Let j(w) = 3809*w**3 + 2*w**2 + 16*w - 16. Give j(1).
3811
Let m(h) = 17*h**2 - 121673*h + 121672. What is m(1)?
16
Let q(l) = l**2 + 13249*l + 317400. Calculate q(-24).
0
Let k(t) = -t**2 + 4429*t + 425081. Give k(-94).
-81
Let v(t) = -1011*t - 30283. What is v(-30)?
47
Let m(c) = -c**3 + 43*c**2 - 288*c + 2908. Give m(40).
-3812
Let b(p) = 11*p**2 + 714*p + 157. Calculate b(-65).
222
Let d(l) = -l**3 + 130*l**2 - 230*l - 3579. Determine d(128).
-251
Let n(b) = b**2 + 32*b - 75347. Determine n(-291).
22
Let v(z) = -283*z - 28450. What is v(-99)?
-433
Let v(i) = 7*i**2 + 1179*i - 95857. Give v(60).
83
Let b(w) = -w**2 + 96989*w - 484917. What is b(5)?
3
Let i(d) = -28*d**2 - 694*d - 3484. Give i(-7).
2
Let q(w) = w**3 + 53*w**2 - 636*w - 385. Calculate q(-63).
-7
Let b(t) = -53*t**2 - 1210*t - 6606. Calculate b(-9).
-9
Let q(w) = 2051*w + 295390. Give q(-144).
46
Let u(r) = -r**2 - 8673*r + 1593565. Determine u(180).
25
Let x(u) = 2*u**2 + 734*u - 2143958. What is x(-1235)?
2
Let o(l) = 100*l**2 - 3207*l + 196. Calculate o(32).
-28
Let o(t) = -13812*t + 6657348. What is o(482)?
-36
Let a(p) = -p**2 + 2040*p - 435128. Calculate a(242).
-12
Let a(d) = -295987*d + 1775905. Determine a(6).
-17
Let a(p) = 20*p**3 + 655*p**2 + 487*p + 79. Determine a(-32).
-145
Let b(y) = -4717*y - 70738. What is b(-15)?
17
Let d(t) = -509*t - 4037. What is d(-8)?
35
Let j(u) = -u**2 - 2670*u + 108418. Determine j(40).
18
Let w(d) = -15*d**3